divided by 217?
214
What is the remainder when 239 is divided by 228?
11
Calculate the remainder when 230 is divided by 7.
6
Calculate the remainder when 111 is divided by 8.
7
What is the remainder when 4205 is divided by 200?
5
Calculate the remainder when 21787 is divided by 77.
73
Calculate the remainder when 196 is divided by 71.
54
What is the remainder when 44 is divided by 16?
12
What is the remainder when 37 is divided by 30?
7
Calculate the remainder when 279 is divided by 45.
9
Calculate the remainder when 25 is divided by 13.
12
What is the remainder when 551 is divided by 189?
173
Calculate the remainder when 182 is divided by 53.
23
Calculate the remainder when 770 is divided by 151.
15
What is the remainder when 10725 is divided by 10724?
1
What is the remainder when 1865 is divided by 40?
25
Calculate the remainder when 3187 is divided by 5.
2
What is the remainder when 114 is divided by 12?
6
What is the remainder when 2876 is divided by 45?
41
Calculate the remainder when 1092 is divided by 61.
55
Calculate the remainder when 99 is divided by 25.
24
Calculate the remainder when 111 is divided by 38.
35
What is the remainder when 131 is divided by 119?
12
What is the remainder when 178 is divided by 17?
8
Calculate the remainder when 611 is divided by 10.
1
What is the remainder when 117 is divided by 59?
58
What is the remainder when 60 is divided by 21?
18
What is the remainder when 1364 is divided by 21?
20
Calculate the remainder when 332 is divided by 42.
38
What is the remainder when 158 is divided by 32?
30
What is the remainder when 286 is divided by 24?
22
Calculate the remainder when 449 is divided by 75.
74
What is the remainder when 3718 is divided by 47?
5
Calculate the remainder when 245 is divided by 63.
56
Calculate the remainder when 27522 is divided by 28.
26
What is the remainder when 302 is divided by 60?
2
Calculate the remainder when 1249 is divided by 326.
271
What is the remainder when 142 is divided by 43?
13
What is the remainder when 1173 is divided by 56?
53
Calculate the remainder when 10893 is divided by 48.
45
What is the remainder when 374 is divided by 55?
44
What is the remainder when 269 is divided by 129?
11
What is the remainder when 148 is divided by 19?
15
Calculate the remainder when 251 is divided by 117.
17
Calculate the remainder when 166 is divided by 43.
37
Calculate the remainder when 2868 is divided by 952.
12
What is the remainder when 408 is divided by 18?
12
Calculate the remainder when 835 is divided by 29.
23
What is the remainder when 67 is divided by 23?
21
What is the remainder when 569 is divided by 113?
4
What is the remainder when 287 is divided by 49?
42
What is the remainder when 5724 is divided by 249?
246
What is the remainder when 1385 is divided by 29?
22
Calculate the remainder when 934 is divided by 78.
76
Calculate the remainder when 788 is divided by 57.
47
What is the remainder when 65 is divided by 29?
7
What is the remainder when 463 is divided by 113?
11
Calculate the remainder when 1451 is divided by 104.
99
What is the remainder when 144 is divided by 9?
0
What is the remainder when 806 is divided by 36?
14
Calculate the remainder when 16799 is divided by 8.
7
Calculate the remainder when 8415 is divided by 401.
395
What is the remainder when 2882 is divided by 14?
12
Calculate the remainder when 326 is divided by 75.
26
Calculate the remainder when 8020 is divided by 191.
189
What is the remainder when 674 is divided by 314?
46
Calculate the remainder when 503 is divided by 97.
18
Calculate the remainder when 2 is divided by 2.
0
What is the remainder when 100 is divided by 8?
4
What is the remainder when 956 is divided by 63?
11
What is the remainder when 1304 is divided by 29?
28
Calculate the remainder when 29 is divided by 5.
4
Calculate the remainder when 2600 is divided by 21.
17
What is the remainder when 14740 is divided by 14?
12
Calculate the remainder when 80 is divided by 12.
8
What is the remainder when 18 is divided by 6?
0
Calculate the remainder when 676 is divided by 18.
10
Calculate the remainder when 114 is divided by 33.
15
What is the remainder when 371 is divided by 18?
11
What is the remainder when 1699 is divided by 133?
103
What is the remainder when 1170 is divided by 23?
20
What is the remainder when 193 is divided by 41?
29
What is the remainder when 510 is divided by 93?
45
Calculate the remainder when 1386 is divided by 462.
0
Calculate the remainder when 432 is divided by 87.
84
What is the remainder when 373 is divided by 121?
10
Calculate the remainder when 268 is divided by 41.
22
What is the remainder when 3742 is divided by 208?
206
Calculate the remainder when 3664 is divided by 136.
128
What is the remainder when 863 is divided by 72?
71
What is the remainder when 287 is divided by 59?
51
Calculate the remainder when 385 is divided by 3.
1
Calculate the remainder when 6577 is divided by 129.
127
What is the remainder when 1579 is divided by 27?
13
What is the remainder when 192 is divided by 60?
12
What is the remainder when 589 is divided by 33?
28
Calculate the remainder when 8910 is divided by 6.
0
What is the remainder when 1303 is divided by 19?
11
Calculate the remainder when 1603 is divided by 15.
13
What is the remainder when 572 is divided by 144?
140
What is the remainder when 1482 is divided by 710?
62
Calculate the remainder when 192 is divided by 3.
0
Calculate the remainder when 233 is divided by 71.
20
What is the remainder when 744 is divided by 287?
170
What is the remainder when 138 is divided by 21?
12
Calculate the remainder when 285 is divided by 270.
15
Calculate the remainder when 1855 is divided by 64.
63
What is the remainder when 198 is divided by 130?
68
What is the remainder when 131 is divided by 33?
32
What is the remainder when 1185 is divided by 18?
15
Calculate the remainder when 2803 is divided by 281.
274
What is the remainder when 1478 is divided by 19?
15
What is the remainder when 2131 is divided by 97?
94
What is the remainder when 3716 is divided by 14?
6
Calculate the remainder when 181 is divided by 26.
25
What is the remainder when 208 is divided by 49?
12
Calculate the remainder when 3187 is divided by 793.
15
Calculate the remainder when 4783 is divided by 16.
15
Calculate the remainder when 75 is divided by 33.
9
Calculate the remainder when 240 is divided by 122.
118
What is the remainder when 32 is divided by 17?
15
What is the remainder when 62 is divided by 23?
16
What is the remainder when 108 is divided by 13?
4
Calculate the remainder when 21 is divided by 14.
7
What is the remainder when 327 is divided by 11?
8
Calculate the remainder when 1009 is divided by 146.
133
Calculate the remainder when 4423 is divided by 4.
3
What is the remainder when 260 is divided by 16?
4
What is the remainder when 1296 is divided by 324?
0
Calculate the remainder when 532 is divided by 30.
22
Calculate the remainder when 365 is divided by 96.
77
Calculate the remainder when 416 is divided by 13.
0
Calculate the remainder when 454 is divided by 108.
22
What is the remainder when 143 is divided by 5?
3
Calculate the remainder when 8240 is divided by 123.
122
Calculate the remainder when 62 is divided by 34.
28
What is the remainder when 468 is divided by 431?
37
Calculate the remainder when 17151 is divided by 16.
15
What is the remainder when 354 is divided by 56?
18
Calculate the remainder when 4 is divided by 4.
0
What is the remainder when 138 is divided by 136?
2
Calculate the remainder when 66 is divided by 28.
10
Calculate the remainder when 4498 is divided by 6.
4
What is the remainder when 60 is divided by 13?
8
Calculate the remainder when 20 is divided by 8.
4
Calculate the remainder when 866 is divided by 51.
50
What is the remainder when 356 is divided by 101?
53
What is the remainder when 72 is divided by 5?
2
Calculate the remainder when 171 is divided by 18.
9
Calculate the remainder when 43 is divided by 30.
13
What is the remainder when 282 is divided by 18?
12
What is the remainder when 884 is divided by 108?
20
What is the remainder when 5412 is divided by 86?
80
What is the remainder when 6679 is divided by 20?
19
What is the remainder when 21 is divided by 